1
-159 (base 12) to base 8
-325
2 (base 9) to base 4
2
Convert -8 (base 11) to base 4.
-20
What is 87 (base 10) in base 15?
5c
Convert -110 (base 2) to base 8.
-6
23 (base 12) to base 4
123
What is 100 (base 2) in base 6?
4
-1 (base 9) to base 11
-1
Convert 13 (base 7) to base 15.
a
What is 59 (base 11) in base 6?
144
What is -88 (base 12) in base 6?
-252
-101 (base 3) to base 2
-1010
What is 8c (base 14) in base 11?
103
-1 (base 15) to base 12
-1
What is -3 (base 4) in base 14?
-3
Convert 12 (base 5) to base 8.
7
Convert -5 (base 14) to base 11.
-5
-4 (base 16) to base 7
-4
What is 47 (base 10) in base 4?
233
What is -2 (base 10) in base 14?
-2
27 (base 9) to base 12
21
Convert -13 (base 16) to base 9.
-21
What is 9 (base 12) in base 9?
10
-2 (base 14) to base 4
-2
What is 6 (base 14) in base 16?
6
b (base 12) to base 16
b
Convert -5 (base 11) to base 13.
-5
What is 31 (base 7) in base 8?
26
What is 1b (base 13) in base 3?
220
4 (base 5) to base 8
4
What is -71 (base 12) in base 10?
-85
What is 1b8 (base 12) in base 15?
13e
What is 21 (base 15) in base 16?
1f
0 (base 14) to base 13
0
121 (base 4) to base 2
11001
Convert -32 (base 12) to base 10.
-38
-2 (base 6) to base 4
-2
a (base 14) to base 11
a
-2 (base 4) to base 10
-2
Convert 7 (base 10) to base 6.
11
-7 (base 13) to base 14
-7
Convert -4 (base 8) to base 14.
-4
What is 264 (base 8) in base 15?
c0
Convert 124 (base 15) to base 16.
103
-1 (base 13) to base 2
-1
What is 130 (base 5) in base 13?
31
What is 133 (base 7) in base 5?
243
What is b (base 14) in base 2?
1011
3 (base 16) to base 12
3
What is -21 (base 16) in base 3?
-1020
Convert 1 (base 14) to base 10.
1
Convert -11001 (base 2) to base 13.
-1c
What is -26 (base 8) in base 13?
-19
Convert -14 (base 6) to base 16.
-a
-9 (base 12) to base 16
-9
What is -10001 (base 2) in base 10?
-17
11 (base 8) to base 6
13
What is -68 (base 15) in base 8?
-142
Convert -2112 (base 4) to base 2.
-10010110
Convert -1 (base 5) to base 13.
-1
Convert 60 (base 8) to base 2.
110000
Convert -a (base 12) to base 10.
-10
Convert -10 (base 13) to base 9.
-14
Convert 3 (base 4) to base 5.
3
245 (base 11) to base 4
10203
12 (base 6) to base 8
10
What is -6 (base 7) in base 3?
-20
Convert 3a (base 12) to base 6.
114
What is -da (base 14) in base 11?
-165
What is 1 (base 10) in base 13?
1
-1 (base 16) to base 7
-1
Convert -61 (base 15) to base 2.
-1011011
What is -114 (base 5) in base 16?
-22
What is -1 (base 15) in base 13?
-1
-4 (base 15) to base 8
-4
What is b (base 15) in base 8?
13
What is 47 (base 13) in base 2?
111011
-12 (base 13) to base 4
-33
Convert -21201 (base 3) to base 7.
-415
What is 0 (base 3) in base 5?
0
What is 3 (base 4) in base 12?
3
What is -213 (base 5) in base 3?
-2011
What is -4 (base 13) in base 6?
-4
What is -34 (base 5) in base 15?
-14
Convert -52 (base 6) to base 7.
-44
Convert 5 (base 7) to base 13.
5
Convert -2 (base 15) to base 7.
-2
-3 (base 7) to base 6
-3
29 (base 13) to base 7
50
What is -5 (base 16) in base 7?
-5
Convert 2 (base 11) to base 7.
2
What is -5 (base 6) in base 4?
-11
-6 (base 10) to base 8
-6
-1 (base 12) to base 6
-1
What is -11122 (base 3) in base 6?
-325
31 (base 13) to base 4
220
1 (base 4) to base 2
1
What is -3 (base 15) in base 5?
-3
Convert 510 (base 6) to base 14.
d4
Convert -34 (base 7) to base 5.
-100
1 (base 9) to base 2
1
-3 (base 7) to base 6
-3
Convert 1 (base 9) to base 7.
1
What is 32 (base 15) in base 9?
52
What is 2c (base 13) in base 14?
2a
33 (base 14) to base 13
36
What is -4 (base 7) in base 2?
-100
-1 (base 9) to base 10
-1
Convert -10 (base 7) to base 4.
-13
Convert -14 (base 5) to base 6.
-13
What is 1010 (base 2) in base 12?
a
111110 (base 2) to base 15
42
What is -9 (base 13) in base 15?
-9
Convert 1110 (base 2) to base 10.
14
Convert 2 (base 12) to base 9.
2
0 (base 11) to base 10
0
What is -22 (base 8) in base 14?
-14
Convert 400 (base 9) to base 6.
1300
What is -35 (base 12) in base 10?
-41
What is 132 (base 6) in base 14?
40
What is -10 (base 14) in base 2?
-1110
2 (base 15) to base 8
2
What is -4 (base 9) in base 11?
-4
What is 76 (base 14) in base 13?
80
Convert -1032 (base 6) to base 13.
-152
8 (base 14) to base 16
8
4 (base 9) to base 11
4
Convert 0 (base 8) to base 15.
0
What is 5 (base 16) in base 9?
5
What is -1023 (base 5) in base 2?
-10001010
What is 2120 (base 3) in base 6?
153
Convert -22 (base 11) to base 14.
-1a
-43 (base 7) to base 10
-31
15 (base 9) to base 3
112
15 (base 13) to base 4
102
What is -1 (base 12) in base 16?
-1
What is -12 (base 6) in base 8?
-10
-45 (base 7) to base 9
-36
0 (base 4) to base 3
0
What is 10 (base 12) in base 2?
1100
-a (base 14) to base 3
-101
What is -12 (base 6) in base 13?
-8
What is -140 (base 10) in base 5?
-1030
What is 2 (base 12) in base 11?
2
2 (base 14) to base 9
2
-3 (base 10) to base 3
-10
Convert 1 (base 2) to base 10.
1
25 (base 8) to base 16
15
What is 4 (base 10) in base 15?
4
0 (base 16) to base 6
0
What is 4 (base 12) in base 4?
10
Convert 85 (base 9) to base 8.
115
What is -b3 (base 14) in base 8?
-235
7 (base 11) to base 4
13
100010110 (base 2) to base 8
426
11 (base 3) to base 7
4
What is -35 (base 7) in base 2?
-11010
6 (base 7) to base 14
6
132 (base 9) to base 14
7c
-167 (base 10) to base 12
-11b
What is -25 (base 6) in base 5?
-32
What is -13 (base 14) in base 6?
-25
Convert -10 (base 7) to base 12.
-7
Convert 4 (base 16) to base 3.
11
-1011 (base 3) to base 12
-27
Convert 42 (base 6) to base 11.
24
4 (base 10) to base 9
4
111 (base 2) to base 10
7
4 (base 10) to base 16
4
-22 (base 6) to base 2
-1110
Convert -20 (base 8) to base 10.
-16
Convert -70 (base 9) to base 4.
-333
86 (base 13) to base 12
92
What is 31 (base 15) in base 7?
64
Convert -11 (base 3) to base 7.
-4
What is -12111 (base 4) in base 7?
-1116
What is 35 (base 15) in base 14?
38
3231 (base 4) to base 3
22210
c8 (base 15) to base 5
1223
4 (base 13) to base 4
10
What is -146 (base 10) in base 13?
-b3
What is 3 (base 9) in base 10?
3
c8 (base 13) to base 7
323
Convert -2 (base 5) to base 4.
-2
-20 (base 3) to base 16
-6
Convert -25 (base 14) to base 15.
-23
What is 4 (base 6) in base 5?
4
What is 2 (base 12) in base 10?
2
Convert -1 (base 7) to base 3.
-1
4b (base 15) to base 8
107
What is -39 (base 10) in base 5?
-124
Convert -1252 (base 6) to base 10.
-320
2 (base 7) to base 16
2
Convert 3c (base 13) to base 2.
110011
Convert 11 (base 3) to base 12.
4
What is 11113 (base 4) in base 8?
527
26 (base 16) to base 12
32
What is 101 (base 2) in base 11?
5
Convert -1 (base 12) to base 3.
-1
11 (base 3) to base 4
10
What is -c5 (base 13) in base 10?
-161
What is -11101 (base 4) in base 8?
-521
Convert 0 (base 9) to base 16.
0
-6 (base 15) to base 11
-6
-3 (base 16) to base 8
-3
What is 3 (base 9) in base 13?
3
What is -140 (base 7) in base 13?
-5c
What is 15 (base 11) in base 10?
16
What is 5 (base 7) in base 12?
5
7 (base 11) to base 5
12
8 (base 10) to base 14
8
82 (base 13) to base 5
411
-4 (base 9) to base 6
-4
12012 (base 3) to base 15
95
2 (base 5) to base 10
2
Convert -11 (base 4) to base 10.
-5
Convert -20 (base 13) to base 8.
-32
What is 19 (base 13) in base 15?
17
Convert 9 (base 14) to base 10.
9
What is 4 (base 13) in base 16?
4
5 (base 15) to base 6
5
What is 2 (base 3) in base 12?
2
What is -4 (base 5) in base 14?
-4
-29 (base 16) to base 10
-41
-124 (base 6) to base 3
-1221
What is 3 (base 5) in base 2?
11
-138 (base 9) to base 6
-312
45 (base 7) to base 10
33
-25 (base 12) to base 6
-45
What is 1 (base 12) in base 13?
1
4 (base 7) to base 13
4
What is -6 (base 13) in base 9?
-6
What is -a2 (base 11) in base 16?
-70
Convert -52 (base 11) to base 3.
-2010
Convert 101 (base 4) to base 3.
122
What is 0 (base 13) in base 3?
0
-3312 (base 4) to base 12
-186
What is 0 (base 15) in base 2?
0
Convert 0 (base 14) to base 12.
0
Convert 1 (base 14) to base 13.
1
Convert -7 (base 9) to base 8.
-7
What is -10 (base 13) in base 2?
-1101
-1011 (base 3) to base 5
-111
Convert 4 (base 11) to base 2.
100
-21 (base 9) to base 15
-14
Convert 4 (base 5) to base 4.
10
4 (base 5) to base 16
4
Convert -6 (base 8) to base 9.
-6
What is 52 (base 7) in base 15?
27
What is 4 (base 15) in base 9?
4
-1055 (base 6) to base 4
-3323
-21 (base 16) to base 3
-1020
Conv